{"id":2750,"date":"2025-01-18T16:10:32","date_gmt":"2025-01-18T19:10:32","guid":{"rendered":"https:\/\/emasaitabuna.com.br\/new\/?page_id=2750"},"modified":"2025-07-14T14:55:07","modified_gmt":"2025-07-14T17:55:07","slug":"teste","status":"publish","type":"page","link":"https:\/\/emasaitabuna.com.br\/new\/","title":{"rendered":"HOME"},"content":{"rendered":"<p><div class=\"fusion-fullwidth fullwidth-box fusion-builder-row-1 fusion-flex-container has-pattern-background has-mask-background nonhundred-percent-fullwidth non-hundred-percent-height-scrolling\" style=\"--awb-border-radius-top-left:0px;--awb-border-radius-top-right:0px;--awb-border-radius-bottom-right:0px;--awb-border-radius-bottom-left:0px;--awb-padding-right:40px;--awb-padding-bottom:80px;--awb-padding-left:40px;--awb-margin-top:-70px;--awb-margin-bottom:-40px;--awb-flex-wrap:wrap;\" ><div class=\"fusion-builder-row fusion-row fusion-flex-align-items-flex-start fusion-flex-content-wrap\" style=\"max-width:1248px;margin-left: calc(-4% \/ 2 );margin-right: calc(-4% \/ 2 );\"><div class=\"fusion-layout-column fusion_builder_column fusion-builder-column-0 fusion_builder_column_1_1 1_1 fusion-flex-column\" style=\"--awb-bg-size:cover;--awb-width-large:100%;--awb-margin-top-large:0px;--awb-spacing-right-large:1.92%;--awb-margin-bottom-large:20px;--awb-spacing-left-large:1.92%;--awb-width-medium:100%;--awb-order-medium:0;--awb-spacing-right-medium:1.92%;--awb-spacing-left-medium:1.92%;--awb-width-small:100%;--awb-order-small:0;--awb-spacing-right-small:1.92%;--awb-spacing-left-small:1.92%;\"><div class=\"fusion-column-wrapper fusion-column-has-shadow fusion-flex-justify-content-flex-start fusion-content-layout-column\"><nav class=\"awb-menu awb-menu_row awb-menu_em-hover mobile-mode-collapse-to-button awb-menu_icons-left awb-menu_dc-yes mobile-trigger-fullwidth-off awb-menu_mobile-toggle awb-menu_indent-left mobile-size-full-absolute loading mega-menu-loading awb-menu_desktop awb-menu_arrows-main awb-menu_dropdown awb-menu_expand-right awb-menu_transition-fade\" style=\"--awb-justify-content:flex-end;--awb-items-padding-top:10px;--awb-items-padding-right:10px;--awb-items-padding-left:10px;--awb-main-justify-content:flex-start;--awb-trigger-padding-top:10px;--awb-trigger-padding-bottom:10px;--awb-mobile-justify:flex-start;--awb-mobile-caret-left:auto;--awb-mobile-caret-right:0;--awb-fusion-font-family-typography:inherit;--awb-fusion-font-style-typography:normal;--awb-fusion-font-weight-typography:400;--awb-fusion-font-family-submenu-typography:inherit;--awb-fusion-font-style-submenu-typography:normal;--awb-fusion-font-weight-submenu-typography:400;--awb-fusion-font-family-mobile-typography:inherit;--awb-fusion-font-style-mobile-typography:normal;--awb-fusion-font-weight-mobile-typography:400;\" aria-label=\"emasa\" data-breakpoint=\"1024\" data-count=\"0\" data-transition-type=\"fade\" data-transition-time=\"300\" data-expand=\"right\"><button type=\"button\" class=\"awb-menu__m-toggle awb-menu__m-toggle_no-text\" aria-expanded=\"false\" aria-controls=\"menu-emasa\"><span class=\"awb-menu__m-toggle-inner\"><span class=\"collapsed-nav-text\"><span class=\"screen-reader-text\">Toggle Navigation<\/span><\/span><span class=\"awb-menu__m-collapse-icon awb-menu__m-collapse-icon_no-text\"><span class=\"awb-menu__m-collapse-icon-open awb-menu__m-collapse-icon-open_no-text fa-bars fas\"><\/span><span class=\"awb-menu__m-collapse-icon-close awb-menu__m-collapse-icon-close_no-text fa-times fas\"><\/span><\/span><\/span><\/button><ul id=\"menu-emasa\" class=\"fusion-menu awb-menu__main-ul awb-menu__main-ul_row\"><li  id=\"menu-item-2695\"  class=\"menu-item menu-item-type-post_type menu-item-object-page menu-item-2695 awb-menu__li awb-menu__main-li awb-menu__main-li_regular\"  data-item-id=\"2695\"><span class=\"awb-menu__main-background-default awb-menu__main-background-default_fade\"><\/span><span class=\"awb-menu__main-background-active awb-menu__main-background-active_fade\"><\/span><a  href=\"https:\/\/emasaitabuna.com.br\/new\/aplicativos\/\" class=\"awb-menu__main-a awb-menu__main-a_regular\"><span class=\"menu-text\">Aplicativo<\/span><\/a><\/li><li  id=\"menu-item-2822\"  class=\"menu-item menu-item-type-custom menu-item-object-custom menu-item-has-children menu-item-2822 awb-menu__li awb-menu__main-li awb-menu__main-li_regular awb-menu__main-li_with-main-arrow awb-menu__main-li_with-arrow\"  data-item-id=\"2822\"><span class=\"awb-menu__main-background-default awb-menu__main-background-default_fade\"><\/span><span class=\"awb-menu__main-background-active awb-menu__main-background-active_fade\"><\/span><a  href=\"#\" class=\"awb-menu__main-a awb-menu__main-a_regular\"><span class=\"menu-text\">Informativo<\/span><span class=\"awb-menu__open-nav-submenu-hover\"><\/span><\/a><button type=\"button\" aria-label=\"Open submenu of Informativo\" aria-expanded=\"false\" class=\"awb-menu__open-nav-submenu_mobile awb-menu__open-nav-submenu_main\"><\/button><ul class=\"awb-menu__sub-ul awb-menu__sub-ul_main\"><li  id=\"menu-item-2823\"  class=\"menu-item menu-item-type-taxonomy menu-item-object-category menu-item-2823 awb-menu__li awb-menu__sub-li\" ><a  href=\"https:\/\/emasaitabuna.com.br\/new\/category\/noticias\/\" class=\"awb-menu__sub-a\"><span>Not\u00edcias<\/span><\/a><\/li><li  id=\"menu-item-2824\"  class=\"menu-item menu-item-type-taxonomy menu-item-object-category menu-item-2824 awb-menu__li awb-menu__sub-li\" ><a  href=\"https:\/\/emasaitabuna.com.br\/new\/category\/dicas\/\" class=\"awb-menu__sub-a\"><span>Dicas<\/span><\/a><\/li><\/ul><\/li><li  id=\"menu-item-3711\"  class=\"menu-item menu-item-type-custom menu-item-object-custom menu-item-3711 awb-menu__li awb-menu__main-li awb-menu__main-li_regular\"  data-item-id=\"3711\"><span class=\"awb-menu__main-background-default awb-menu__main-background-default_fade\"><\/span><span class=\"awb-menu__main-background-active awb-menu__main-background-active_fade\"><\/span><a  href=\"https:\/\/emasaitabuna.com.br\/new\/wp-content\/uploads\/2025\/08\/Beneficios-Economicos-do-Saneamento-em-Itabuna-Julho-2025.pdf\" class=\"awb-menu__main-a awb-menu__main-a_regular\"><span class=\"menu-text\">Benef\u00edcios Econ\u00f4micos do Saneamento<\/span><\/a><\/li><li  id=\"menu-item-2825\"  class=\"menu-item menu-item-type-custom menu-item-object-custom menu-item-has-children menu-item-2825 awb-menu__li awb-menu__main-li awb-menu__main-li_regular awb-menu__main-li_with-main-arrow awb-menu__main-li_with-arrow\"  data-item-id=\"2825\"><span class=\"awb-menu__main-background-default awb-menu__main-background-default_fade\"><\/span><span class=\"awb-menu__main-background-active awb-menu__main-background-active_fade\"><\/span><a  href=\"#\" class=\"awb-menu__main-a awb-menu__main-a_regular\"><span class=\"menu-text\">Sustentabilidade<\/span><span class=\"awb-menu__open-nav-submenu-hover\"><\/span><\/a><button type=\"button\" aria-label=\"Open submenu of Sustentabilidade\" aria-expanded=\"false\" class=\"awb-menu__open-nav-submenu_mobile awb-menu__open-nav-submenu_main\"><\/button><ul class=\"awb-menu__sub-ul awb-menu__sub-ul_main\"><li  id=\"menu-item-2826\"  class=\"menu-item menu-item-type-custom menu-item-object-custom menu-item-2826 awb-menu__li awb-menu__sub-li\" ><a  href=\"#\" class=\"awb-menu__sub-a\"><span>Programas e Projetos<\/span><\/a><\/li><li  id=\"menu-item-3186\"  class=\"menu-item menu-item-type-post_type menu-item-object-page menu-item-3186 awb-menu__li awb-menu__sub-li\" ><a  title=\"Consumo respons\u00e1vel\" href=\"https:\/\/emasaitabuna.com.br\/new\/emasa-cuidando-da-agua-hoje-para-garantir-o-amanha\/\" class=\"awb-menu__sub-a\"><span>Consumo respons\u00e1vel<\/span><\/a><\/li><\/ul><\/li><li  id=\"menu-item-2696\"  class=\"menu-item menu-item-type-post_type menu-item-object-page menu-item-2696 awb-menu__li awb-menu__main-li awb-menu__main-li_regular\"  data-item-id=\"2696\"><span class=\"awb-menu__main-background-default awb-menu__main-background-default_fade\"><\/span><span class=\"awb-menu__main-background-active awb-menu__main-background-active_fade\"><\/span><a  href=\"https:\/\/emasaitabuna.com.br\/new\/contact\/\" class=\"awb-menu__main-a awb-menu__main-a_regular\"><span class=\"menu-text\">Contato<\/span><\/a><\/li><\/ul><\/nav><div class=\"fusion-separator fusion-full-width-sep\" style=\"align-self: center;margin-left: auto;margin-right: auto;width:100%;\"><div class=\"fusion-separator-border sep-single sep-solid\" style=\"--awb-height:20px;--awb-amount:20px;border-color:var(--awb-color3);border-top-width:1px;\"><\/div><\/div><\/div><\/div><div class=\"fusion-layout-column fusion_builder_column fusion-builder-column-1 fusion_builder_column_2_5 2_5 fusion-flex-column\" style=\"--awb-padding-bottom:-30px;--awb-bg-size:cover;--awb-border-color:#79c2d8;--awb-border-style:solid;--awb-width-large:40%;--awb-margin-top-large:0px;--awb-spacing-right-large:4.8%;--awb-margin-bottom-large:20px;--awb-spacing-left-large:4.8%;--awb-width-medium:40%;--awb-order-medium:0;--awb-spacing-right-medium:4.8%;--awb-spacing-left-medium:4.8%;--awb-width-small:100%;--awb-order-small:0;--awb-spacing-right-small:1.92%;--awb-spacing-left-small:1.92%;\" data-scroll-devices=\"small-visibility,medium-visibility,large-visibility\"><div class=\"fusion-column-wrapper fusion-column-has-shadow fusion-flex-justify-content-flex-start fusion-content-layout-column\"><a class=\"fusion-modal-text-link\" href=\"#\"><img decoding=\"async\" src=\"https:\/\/emasaitabuna.com.br\/new\/wp-content\/uploads\/2025\/04\/placanoticias.png\" \/><\/a><div class=\"fusion-recent-posts fusion-recent-posts-1 avada-container layout-thumbnails-on-side layout-columns-1\" style=\"--awb-margin-top:20px;--awb-margin-right:0px;--awb-margin-bottom:-40px;--awb-margin-left:0px;\"><section class=\"fusion-columns columns fusion-columns-1 columns-1\"><article class=\"post fusion-column column col col-lg-12 col-md-12 col-sm-12\"><div class=\"fusion-flexslider fusion-flexslider-loading flexslider floated-slideshow flexslider-hover-type-none\"><ul class=\"slides\"><li><a href=\"https:\/\/emasaitabuna.com.br\/new\/emasa-promove-palestras-sobre-autismo-e-reforca-compromisso-com-inclusao-e-valorizacao-dos-colaboradores\/\" aria-label=\"EMASA promove palestras sobre autismo e refor\u00e7a compromisso com inclus\u00e3o e valoriza\u00e7\u00e3o dos colaboradores\" class=\"hover-type-none\"><img decoding=\"async\" width=\"177\" height=\"142\" src=\"https:\/\/emasaitabuna.com.br\/new\/wp-content\/uploads\/2026\/04\/IMG-20260425-WA0007-177x142.jpg\" class=\"attachment-portfolio-five size-portfolio-five\" alt=\"\" \/><\/a><\/li><\/ul><\/div><div class=\"recent-posts-content\"><span class=\"vcard\" style=\"display: none;\"><span class=\"fn\"><a href=\"https:\/\/emasaitabuna.com.br\/new\/author\/jc\/\" title=\"Posts de JC\" rel=\"author\">JC<\/a><\/span><\/span><span class=\"updated\" style=\"display:none;\">2026-04-25T10:02:53-03:00<\/span><h6 class=\"entry-title\"><a href=\"https:\/\/emasaitabuna.com.br\/new\/emasa-promove-palestras-sobre-autismo-e-reforca-compromisso-com-inclusao-e-valorizacao-dos-colaboradores\/\">EMASA promove palestras sobre autismo e refor\u00e7a compromisso com inclus\u00e3o e valoriza\u00e7\u00e3o dos colaboradores<\/a><\/h6><p>A Empresa Municipal de \u00c1guas e Saneamento (EMASA) realizar\u00e1, nos [...]<\/p><\/div><\/article><article class=\"post fusion-column column col col-lg-12 col-md-12 col-sm-12\"><div class=\"fusion-flexslider fusion-flexslider-loading flexslider floated-slideshow flexslider-hover-type-none\"><ul class=\"slides\"><li><a href=\"https:\/\/emasaitabuna.com.br\/new\/prefeitura-de-itabuna-lanca-programa-de-r-32-milhoes-para-urbanizacao-e-saneamento-dos-canais-de-macrodrenagem-da-cidade\/\" aria-label=\"Prefeitura de Itabuna lan\u00e7a programa de R$ 32 milh\u00f5es para urbaniza\u00e7\u00e3o e saneamento dos canais de macrodrenagem da cidade\" class=\"hover-type-none\"><img decoding=\"async\" width=\"177\" height=\"142\" src=\"https:\/\/emasaitabuna.com.br\/new\/wp-content\/uploads\/2026\/04\/IMG-20260419-WA0003-177x142.jpg\" class=\"attachment-portfolio-five size-portfolio-five\" alt=\"\" \/><\/a><\/li><\/ul><\/div><div class=\"recent-posts-content\"><span class=\"vcard\" style=\"display: none;\"><span class=\"fn\"><a href=\"https:\/\/emasaitabuna.com.br\/new\/author\/jc\/\" title=\"Posts de JC\" rel=\"author\">JC<\/a><\/span><\/span><span class=\"updated\" style=\"display:none;\">2026-04-19T12:25:00-03:00<\/span><h6 class=\"entry-title\"><a href=\"https:\/\/emasaitabuna.com.br\/new\/prefeitura-de-itabuna-lanca-programa-de-r-32-milhoes-para-urbanizacao-e-saneamento-dos-canais-de-macrodrenagem-da-cidade\/\">Prefeitura de Itabuna lan\u00e7a programa de R$ 32 milh\u00f5es para urbaniza\u00e7\u00e3o e saneamento dos canais de macrodrenagem da cidade<\/a><\/h6><p> O prefeito Augusto Castro e a secret\u00e1ria de Infraestrutura [...]<\/p><\/div><\/article><article class=\"post fusion-column column col col-lg-12 col-md-12 col-sm-12\"><div class=\"fusion-flexslider fusion-flexslider-loading flexslider floated-slideshow flexslider-hover-type-none\"><ul class=\"slides\"><li><a href=\"https:\/\/emasaitabuna.com.br\/new\/emasa-relatorio-de-transparencia-e-igualdade-salarial-entre-mulheres-e-homens-apresenta-avancos\/\" aria-label=\"EMASA: Relat\u00f3rio de Transpar\u00eancia e Igualdade salarial entre mulheres e homens apresenta avan\u00e7os\" class=\"hover-type-none\"><img decoding=\"async\" width=\"177\" height=\"142\" src=\"https:\/\/emasaitabuna.com.br\/new\/wp-content\/uploads\/2026\/04\/IMG-20260408-WA0012-177x142.jpg\" class=\"attachment-portfolio-five size-portfolio-five\" alt=\"\" \/><\/a><\/li><\/ul><\/div><div class=\"recent-posts-content\"><span class=\"vcard\" style=\"display: none;\"><span class=\"fn\"><a href=\"https:\/\/emasaitabuna.com.br\/new\/author\/jc\/\" title=\"Posts de JC\" rel=\"author\">JC<\/a><\/span><\/span><span class=\"updated\" style=\"display:none;\">2026-04-08T19:25:37-03:00<\/span><h6 class=\"entry-title\"><a href=\"https:\/\/emasaitabuna.com.br\/new\/emasa-relatorio-de-transparencia-e-igualdade-salarial-entre-mulheres-e-homens-apresenta-avancos\/\">EMASA: Relat\u00f3rio de Transpar\u00eancia e Igualdade salarial entre mulheres e homens apresenta avan\u00e7os<\/a><\/h6><p> Gr\u00e1ficos apontam os avan\u00e7os da evolu\u00e7\u00e3o da igualdade salarial [...]<\/p><\/div><\/article><\/section><\/div><\/div><\/div><div class=\"fusion-layout-column fusion_builder_column fusion-builder-column-2 fusion_builder_column_2_5 2_5 fusion-flex-column\" style=\"--awb-padding-bottom:-30px;--awb-bg-size:cover;--awb-border-color:#79c2d8;--awb-border-style:solid;--awb-width-large:40%;--awb-margin-top-large:0px;--awb-spacing-right-large:4.8%;--awb-margin-bottom-large:20px;--awb-spacing-left-large:4.8%;--awb-width-medium:40%;--awb-order-medium:0;--awb-spacing-right-medium:4.8%;--awb-spacing-left-medium:4.8%;--awb-width-small:100%;--awb-order-small:0;--awb-spacing-right-small:1.92%;--awb-spacing-left-small:1.92%;\" data-scroll-devices=\"small-visibility,medium-visibility,large-visibility\"><div class=\"fusion-column-wrapper fusion-column-has-shadow fusion-flex-justify-content-flex-start fusion-content-layout-column\"><a class=\"fusion-modal-text-link\" href=\"#\"><img decoding=\"async\" src=\"https:\/\/emasaitabuna.com.br\/new\/wp-content\/uploads\/2025\/04\/placadicas.png\" \/><\/a><div class=\"fusion-recent-posts fusion-recent-posts-2 avada-container layout-thumbnails-on-side layout-columns-1\" style=\"--awb-margin-top:20px;--awb-margin-bottom:-40px;\"><section class=\"fusion-columns columns fusion-columns-1 columns-1\"><article class=\"post fusion-column column col col-lg-12 col-md-12 col-sm-12\"><div class=\"fusion-flexslider fusion-flexslider-loading flexslider floated-slideshow flexslider-hover-type-none\"><ul class=\"slides\"><li><a href=\"https:\/\/emasaitabuna.com.br\/new\/tecnicos-da-emasa-visitam-a-agrafam-para-estudar-a-implantacao-da-rede-de-abastecimento-de-agua\/\" aria-label=\"T\u00e9cnicos da EMASA visitam a AGRAFAM para estudar a implanta\u00e7\u00e3o da rede de abastecimento de \u00e1gua\" class=\"hover-type-none\"><img decoding=\"async\" width=\"177\" height=\"142\" src=\"https:\/\/emasaitabuna.com.br\/new\/wp-content\/uploads\/2025\/09\/01-177x142.jpeg\" class=\"attachment-portfolio-five size-portfolio-five\" alt=\"\" \/><\/a><\/li><\/ul><\/div><div class=\"recent-posts-content\"><span class=\"vcard\" style=\"display: none;\"><span class=\"fn\"><a href=\"https:\/\/emasaitabuna.com.br\/new\/author\/jc\/\" title=\"Posts de JC\" rel=\"author\">JC<\/a><\/span><\/span><span class=\"updated\" style=\"display:none;\">2025-09-04T08:16:30-03:00<\/span><h6 class=\"entry-title\"><a href=\"https:\/\/emasaitabuna.com.br\/new\/tecnicos-da-emasa-visitam-a-agrafam-para-estudar-a-implantacao-da-rede-de-abastecimento-de-agua\/\">T\u00e9cnicos da EMASA visitam a AGRAFAM para estudar a implanta\u00e7\u00e3o da rede de abastecimento de \u00e1gua<\/a><\/h6><p>A Associa\u00e7\u00e3o Grapi\u00fana dos Agricultores Familiar de Itabuna (AGRAFAM), localizada [...]<\/p><\/div><\/article><article class=\"post fusion-column column col col-lg-12 col-md-12 col-sm-12\"><div class=\"fusion-flexslider fusion-flexslider-loading flexslider floated-slideshow flexslider-hover-type-none\"><ul class=\"slides\"><li><a href=\"https:\/\/emasaitabuna.com.br\/new\/limpeza-de-caixa-dagua\/\" aria-label=\"Limpeza de caixa d\u2019\u00e1gua\" class=\"hover-type-none\"><img decoding=\"async\" width=\"177\" height=\"142\" src=\"https:\/\/emasaitabuna.com.br\/new\/wp-content\/uploads\/2025\/01\/04-177x142.jpg\" class=\"attachment-portfolio-five size-portfolio-five\" alt=\"\" \/><\/a><\/li><\/ul><\/div><div class=\"recent-posts-content\"><span class=\"vcard\" style=\"display: none;\"><span class=\"fn\"><a href=\"https:\/\/emasaitabuna.com.br\/new\/author\/jc\/\" title=\"Posts de JC\" rel=\"author\">JC<\/a><\/span><\/span><span class=\"updated\" style=\"display:none;\">2025-01-06T21:35:10-03:00<\/span><h6 class=\"entry-title\"><a href=\"https:\/\/emasaitabuna.com.br\/new\/limpeza-de-caixa-dagua\/\">Limpeza de caixa d\u2019\u00e1gua<\/a><\/h6><p>Depois que a \u00e1gua passa por modernos processos de tratamento, [...]<\/p><\/div><\/article><article class=\"post fusion-column column col col-lg-12 col-md-12 col-sm-12\"><div class=\"fusion-flexslider fusion-flexslider-loading flexslider floated-slideshow flexslider-hover-type-none\"><ul class=\"slides\"><li><a href=\"https:\/\/emasaitabuna.com.br\/new\/20-fatos-interessantes-sobre-a-cidade-de-itabuna\/\" aria-label=\"20 fatos interessantes sobre a cidade de Itabuna\" class=\"hover-type-none\"><img decoding=\"async\" width=\"177\" height=\"142\" src=\"https:\/\/emasaitabuna.com.br\/new\/wp-content\/uploads\/2024\/12\/itabuna2-177x142.jpg\" class=\"attachment-portfolio-five size-portfolio-five\" alt=\"\" \/><\/a><\/li><\/ul><\/div><div class=\"recent-posts-content\"><span class=\"vcard\" style=\"display: none;\"><span class=\"fn\"><a href=\"https:\/\/emasaitabuna.com.br\/new\/author\/jc\/\" title=\"Posts de JC\" rel=\"author\">JC<\/a><\/span><\/span><span class=\"updated\" style=\"display:none;\">2025-01-03T10:57:47-03:00<\/span><h6 class=\"entry-title\"><a href=\"https:\/\/emasaitabuna.com.br\/new\/20-fatos-interessantes-sobre-a-cidade-de-itabuna\/\">20 fatos interessantes sobre a cidade de Itabuna<\/a><\/h6><p>Itabuna, localizada no sul da Bahia, \u00e9 uma cidade cheia [...]<\/p><\/div><\/article><\/section><\/div><\/div><\/div><div class=\"fusion-layout-column fusion_builder_column fusion-builder-column-3 fusion_builder_column_1_5 1_5 fusion-flex-column\" style=\"--awb-padding-bottom:-30px;--awb-overflow:hidden;--awb-bg-color:#00a2d8;--awb-bg-color-hover:#00a2d8;--awb-bg-size:cover;--awb-border-color:#79c2d8;--awb-border-style:solid;--awb-border-radius:15px 15px 15px 15px;--awb-width-large:20%;--awb-margin-top-large:0px;--awb-spacing-right-large:9.6%;--awb-margin-bottom-large:20px;--awb-spacing-left-large:9.6%;--awb-width-medium:20%;--awb-order-medium:0;--awb-spacing-right-medium:9.6%;--awb-spacing-left-medium:9.6%;--awb-width-small:100%;--awb-order-small:0;--awb-spacing-right-small:1.92%;--awb-spacing-left-small:1.92%;\" data-scroll-devices=\"small-visibility,medium-visibility,large-visibility\"><div class=\"fusion-column-wrapper fusion-column-has-shadow fusion-flex-justify-content-flex-start fusion-content-layout-column\"><a class=\"fusion-modal-text-link\" href=\"#\"><img decoding=\"async\" src=\"https:\/\/emasaitabuna.com.br\/new\/wp-content\/uploads\/2025\/04\/Mais-Agua-1.jpg\" \/><\/a><\/div><\/div><\/div><\/div><div class=\"fusion-fullwidth fullwidth-box fusion-builder-row-2 fusion-flex-container has-pattern-background has-mask-background nonhundred-percent-fullwidth non-hundred-percent-height-scrolling\" style=\"--awb-border-radius-top-left:0px;--awb-border-radius-top-right:0px;--awb-border-radius-bottom-right:0px;--awb-border-radius-bottom-left:0px;--awb-background-color:rgba(221,221,221,0.19);--awb-flex-wrap:wrap;--awb-flex-wrap-small:nowrap;\" ><div class=\"fusion-builder-row fusion-row fusion-flex-align-items-flex-start fusion-flex-content-wrap\" style=\"max-width:1248px;margin-left: calc(-4% \/ 2 );margin-right: calc(-4% \/ 2 );\"><div class=\"fusion-layout-column fusion_builder_column fusion-builder-column-4 fusion_builder_column_1_1 1_1 fusion-flex-column\" style=\"--awb-bg-size:cover;--awb-width-large:100%;--awb-margin-top-large:0px;--awb-spacing-right-large:1.92%;--awb-margin-bottom-large:20px;--awb-spacing-left-large:1.92%;--awb-width-medium:100%;--awb-order-medium:0;--awb-spacing-right-medium:1.92%;--awb-spacing-left-medium:1.92%;--awb-width-small:100%;--awb-order-small:0;--awb-spacing-right-small:1.92%;--awb-spacing-left-small:1.92%;\" data-scroll-devices=\"small-visibility,medium-visibility,large-visibility\"><div class=\"fusion-column-wrapper fusion-column-has-shadow fusion-flex-justify-content-flex-start fusion-content-layout-column\"><div class=\"fusion-video fusion-selfhosted-video\" style=\"max-width:100%;\"><div class=\"video-wrapper\"><video playsinline=\"true\" width=\"100%\" style=\"object-fit: cover;\" autoplay=\"true\" muted=\"true\" loop=\"true\" preload=\"auto\"><source src=\"https:\/\/emasaitabuna.com.br\/new\/wp-content\/uploads\/2025\/03\/Um-dos-maiores-investimentos-em-saneamento-basico-dos-ultimos.mp4\" type=\"video\/mp4\">Sorry, your browser doesn&#039;t support embedded videos.<\/video><\/div><\/div><\/div><\/div><\/div><\/div><\/p>\n","protected":false},"excerpt":{"rendered":"","protected":false},"author":1,"featured_media":0,"parent":0,"menu_order":0,"comment_status":"closed","ping_status":"closed","template":"100-width.php","meta":{"nf_dc_page":"","footnotes":""},"class_list":["post-2750","page","type-page","status-publish","hentry"],"_links":{"self":[{"href":"https:\/\/emasaitabuna.com.br\/new\/wp-json\/wp\/v2\/pages\/2750","targetHints":{"allow":["GET"]}}],"collection":[{"href":"https:\/\/emasaitabuna.com.br\/new\/wp-json\/wp\/v2\/pages"}],"about":[{"href":"https:\/\/emasaitabuna.com.br\/new\/wp-json\/wp\/v2\/types\/page"}],"author":[{"embeddable":true,"href":"https:\/\/emasaitabuna.com.br\/new\/wp-json\/wp\/v2\/users\/1"}],"replies":[{"embeddable":true,"href":"https:\/\/emasaitabuna.com.br\/new\/wp-json\/wp\/v2\/comments?post=2750"}],"version-history":[{"count":5,"href":"https:\/\/emasaitabuna.com.br\/new\/wp-json\/wp\/v2\/pages\/2750\/revisions"}],"predecessor-version":[{"id":3532,"href":"https:\/\/emasaitabuna.com.br\/new\/wp-json\/wp\/v2\/pages\/2750\/revisions\/3532"}],"wp:attachment":[{"href":"https:\/\/emasaitabuna.com.br\/new\/wp-json\/wp\/v2\/media?parent=2750"}],"curies":[{"name":"wp","href":"https:\/\/api.w.org\/{rel}","templated":true}]}}