{"id":3183,"date":"2025-04-11T12:37:02","date_gmt":"2025-04-11T15:37:02","guid":{"rendered":"https:\/\/emasaitabuna.com.br\/new\/?page_id=3183"},"modified":"2025-04-11T12:37:02","modified_gmt":"2025-04-11T15:37:02","slug":"emasa-cuidando-da-agua-hoje-para-garantir-o-amanha","status":"publish","type":"page","link":"https:\/\/emasaitabuna.com.br\/new\/emasa-cuidando-da-agua-hoje-para-garantir-o-amanha\/","title":{"rendered":"EMASA: Cuidando da \u00c1gua Hoje para Garantir o Amanh\u00e3"},"content":{"rendered":"<p>Na EMASA, a sustentabilidade flui junto com a \u00e1gua que distribu\u00edmos diariamente para Itabuna. Somos mais que uma empresa de saneamento, somos guardi\u00f5es dos recursos h\u00eddricos que sustentam nossa cidade e nossa gente. Cada a\u00e7\u00e3o nossa \u00e9 pensada para equilibrar as necessidades atuais com a preserva\u00e7\u00e3o do futuro.<\/p>\n<p>Nossa jornada come\u00e7a na prote\u00e7\u00e3o cuidadosa dos mananciais e rios que abastecem a cidade. Com tecnologia de ponta e monitoramento constante, garantimos que a \u00e1gua captada mantenha sua pureza e qualidade. Nas esta\u00e7\u00f5es de tratamento, seguimos rigorosos padr\u00f5es para entregar \u00e0 popula\u00e7\u00e3o uma \u00e1gua cristalina e segura, enquanto nossos sistemas inteligentes reduzem perdas e otimizam cada gota.<br \/>\nNeste contexto, a EMASA est\u00e1 escrevendo um novo cap\u00edtulo na hist\u00f3ria de Itabuna, onde tecnologia e comunidade se unem para construir um futuro mais sustent\u00e1vel, com a\u00e7\u00f5es concretas e inovadoras, estamos transformando nosso compromisso ambiental em realidade.<\/p>\n<p>Em um importante avan\u00e7o, a empresa contratou especialistas em efici\u00eancia energ\u00e9tica para migrar ao mercado de energia renov\u00e1vel, unindo economia e preserva\u00e7\u00e3o ambiental. Paralelamente, o projeto &#8220;\u00c1gua Viva, Comunidade Ativa&#8221; levar\u00e1 educa\u00e7\u00e3o ambiental para escolas e espa\u00e7os p\u00fablicos em todos os bairros, ensinando sobre o uso racional da \u00e1gua e a prote\u00e7\u00e3o dos recursos h\u00eddricos. Esta a\u00e7\u00e3o se complementar\u00e1 com o programa itinerante &#8220;EMASA Perto\u201d, que percorrer\u00e1 a cidade oferecendo atendimento personalizado a popula\u00e7\u00e3o.<\/p>\n<p>Buscamos constantemente inova\u00e7\u00f5es que tornem nossos processos ainda mais sustent\u00e1veis, porque na EMASA entendemos que sustentabilidade n\u00e3o \u00e9 um projeto isolado, mas sim o modo como fazemos neg\u00f3cios, com responsabilidade hoje para garantir recursos amanh\u00e3.<\/p>\n<p>Esta \u00e9 a nossa miss\u00e3o: servir Itabuna com excel\u00eancia, mantendo vivos os rios que nos abastecem e construindo, junto com a comunidade, um futuro onde a \u00e1gua nunca falte. Porque cuidar da \u00e1gua \u00e9 cuidar da vida, e esse cuidado come\u00e7a agora, em cada a\u00e7\u00e3o, em cada escolha, em cada gota que preservamos.<\/p>\n<p>Juntos, constru\u00edmos um futuro onde a \u00e1gua nunca falta!<\/p>\n","protected":false},"excerpt":{"rendered":"<p>Na EMASA, a sustentabilidade flui junto com a \u00e1gua que distribu\u00edmos diariamente para Itabuna. Somos mais que uma empresa de [&hellip;]<\/p>\n","protected":false},"author":1,"featured_media":0,"parent":0,"menu_order":0,"comment_status":"closed","ping_status":"closed","template":"100-width.php","meta":{"nf_dc_page":"","footnotes":""},"class_list":["post-3183","page","type-page","status-publish","hentry"],"_links":{"self":[{"href":"https:\/\/emasaitabuna.com.br\/new\/wp-json\/wp\/v2\/pages\/3183","targetHints":{"allow":["GET"]}}],"collection":[{"href":"https:\/\/emasaitabuna.com.br\/new\/wp-json\/wp\/v2\/pages"}],"about":[{"href":"https:\/\/emasaitabuna.com.br\/new\/wp-json\/wp\/v2\/types\/page"}],"author":[{"embeddable":true,"href":"https:\/\/emasaitabuna.com.br\/new\/wp-json\/wp\/v2\/users\/1"}],"replies":[{"embeddable":true,"href":"https:\/\/emasaitabuna.com.br\/new\/wp-json\/wp\/v2\/comments?post=3183"}],"version-history":[{"count":1,"href":"https:\/\/emasaitabuna.com.br\/new\/wp-json\/wp\/v2\/pages\/3183\/revisions"}],"predecessor-version":[{"id":3184,"href":"https:\/\/emasaitabuna.com.br\/new\/wp-json\/wp\/v2\/pages\/3183\/revisions\/3184"}],"wp:attachment":[{"href":"https:\/\/emasaitabuna.com.br\/new\/wp-json\/wp\/v2\/media?parent=3183"}],"curies":[{"name":"wp","href":"https:\/\/api.w.org\/{rel}","templated":true}]}}